{"id":159,"date":"2019-12-28T18:21:19","date_gmt":"2019-12-28T18:21:19","guid":{"rendered":"https:\/\/dunsgathan.net\/sgathan\/?page_id=159"},"modified":"2020-07-31T18:50:52","modified_gmt":"2020-07-31T18:50:52","slug":"cu-mor","status":"publish","type":"page","link":"https:\/\/dunsgathan.net\/sgathan\/the-house-our-hounds-and-cats\/cu-mor\/","title":{"rendered":"C\u00f9 M\u00f3r"},"content":{"rendered":"<div class=\"boldgrid-section\">\n<div class=\"container\">\n<div class=\"row\">\n<div class=\"col-md-12 col-xs-12 col-sm-12\">\n<p class=\"\"><big>Dogzilla or a dog named Dog<br \/>\n<\/big><\/p>\n<div>\n<p class=\"mod-reset\"><img loading=\"lazy\" decoding=\"async\" class=\"aligncenter wp-image-511 size-wcfixedheightsmall\" src=\"https:\/\/dunsgathan.net\/sgathan\/wp-content\/uploads\/2019\/12\/Img_4410cr-400x180.jpg\" alt=\"Cu Mor\" width=\"400\" height=\"180\" srcset=\"https:\/\/dunsgathan.net\/sgathan\/wp-content\/uploads\/2019\/12\/Img_4410cr-400x180.jpg 400w, https:\/\/dunsgathan.net\/sgathan\/wp-content\/uploads\/2019\/12\/Img_4410cr-300x135.jpg 300w, https:\/\/dunsgathan.net\/sgathan\/wp-content\/uploads\/2019\/12\/Img_4410cr-768x346.jpg 768w, https:\/\/dunsgathan.net\/sgathan\/wp-content\/uploads\/2019\/12\/Img_4410cr-192x86.jpg 192w, https:\/\/dunsgathan.net\/sgathan\/wp-content\/uploads\/2019\/12\/Img_4410cr-250x113.jpg 250w, https:\/\/dunsgathan.net\/sgathan\/wp-content\/uploads\/2019\/12\/Img_4410cr-550x248.jpg 550w, https:\/\/dunsgathan.net\/sgathan\/wp-content\/uploads\/2019\/12\/Img_4410cr-667x300.jpg 667w, https:\/\/dunsgathan.net\/sgathan\/wp-content\/uploads\/2019\/12\/Img_4410cr.jpg 800w\" sizes=\"auto, (max-width: 400px) 100vw, 400px\" \/><\/p>\n<p class=\"\" style=\"text-align: center;\">August 24, 2002-July 27, 2013<br \/>\nWhen hope is gone it&#8217;s forever mourned<\/p>\n<\/div>\n<table border=\"0\" width=\"100%\" cellspacing=\"0\" cellpadding=\"0\" align=\"center\">\n<tbody>\n<tr>\n<td valign=\"top\">\n<table cellpadding=\"2\" align=\"center\">\n<tbody>\n<tr>\n<td>\u00a0Updated July 2013<\/p>\n<p>With the loss of\u00a0<a href=\"https:\/\/dunsgathan.net\/sgathan\/the-house-our-hounds-and-cats\/scolaighe\/\">Scolaighe<\/a>\u00a0and mourning dogs, we decided it was time to add another to our pack,<\/p>\n<div id=\"attachment_512\" style=\"width: 260px\" class=\"wp-caption alignright\"><img loading=\"lazy\" decoding=\"async\" aria-describedby=\"caption-attachment-512\" class=\"size-full wp-image-512\" src=\"https:\/\/dunsgathan.net\/sgathan\/wp-content\/uploads\/2019\/12\/dogzilla.jpg\" alt=\"Photo from GPS\" width=\"250\" height=\"264\" srcset=\"https:\/\/dunsgathan.net\/sgathan\/wp-content\/uploads\/2019\/12\/dogzilla.jpg 250w, https:\/\/dunsgathan.net\/sgathan\/wp-content\/uploads\/2019\/12\/dogzilla-182x192.jpg 182w, https:\/\/dunsgathan.net\/sgathan\/wp-content\/uploads\/2019\/12\/dogzilla-170x180.jpg 170w\" sizes=\"auto, (max-width: 250px) 100vw, 250px\" \/><p id=\"caption-attachment-512\" class=\"wp-caption-text\">Photo from GPS NH<\/p><\/div>\n<p>especially as\u00a0<a href=\"https:\/\/dunsgathan.net\/sgathan\/the-house-our-hounds-and-cats\/orlaith\/\">\u00d2rlaith<\/a>\u00a0would find it difficult when we took\u00a0<a href=\"https:\/\/dunsgathan.net\/sgathan\/the-house-our-hounds-and-cats\/gleann\/\">Gleann<\/a>\u00a0out without her (which we do a lot as he goes off leash, helps with the animals and doesn&#8217;t mind the cold so much). And it was obviously that she is a very pack oriented hound and needed more than just one dog around. So another note to\u00a0<a href=\"http:\/\/www.gpsnh.com\/\" target=\"_blank\" rel=\"noopener noreferrer\">Greyhound Placement Service<\/a> and Aaron took her down with him on January 30, 2010 to bring home <a href=\"http:\/\/www.greyhound-data.com\/d?d=Onaim+DogZilla\" target=\"_blank\" rel=\"noopener noreferrer\">Onaim Dogzilla<\/a>.The name fit, his racing weight was 71 lbs, but he has the presence of an even larger hound. In keeping with his race name, we named him C\u00f9 M\u00f3r (Big Hound in Gaelic); and to go with him usually having been called &#8220;Dog&#8221; we call him &#8220;C\u00f9.&#8221; He is another chow hound, like\u00a0<a href=\"https:\/\/dunsgathan.net\/sgathan\/the-house-our-hounds-and-cats\/bran\/\">Bran<\/a>\u00a0was, although I do not get the impression that he was ever deprived like Bran had been. He just is obsessed with food for no real reason.<\/p>\n<p>C\u00f9 was one of the boys that Aaron had met when he got\u00a0<img loading=\"lazy\" decoding=\"async\" class=\"size-full wp-image-513 alignleft\" src=\"https:\/\/dunsgathan.net\/sgathan\/wp-content\/uploads\/2019\/12\/Img_3046crs.jpg\" alt=\"Cu on dog bed\" width=\"300\" height=\"256\" srcset=\"https:\/\/dunsgathan.net\/sgathan\/wp-content\/uploads\/2019\/12\/Img_3046crs.jpg 300w, https:\/\/dunsgathan.net\/sgathan\/wp-content\/uploads\/2019\/12\/Img_3046crs-192x164.jpg 192w, https:\/\/dunsgathan.net\/sgathan\/wp-content\/uploads\/2019\/12\/Img_3046crs-250x213.jpg 250w, https:\/\/dunsgathan.net\/sgathan\/wp-content\/uploads\/2019\/12\/Img_3046crs-211x180.jpg 211w\" sizes=\"auto, (max-width: 300px) 100vw, 300px\" \/>\u00d2rlaith, he seemed too rambunctious to deal with poor Scolaighe so he missed out that time. But he wouldn&#8217;t have had the patience she had had.<\/p>\n<p>According to Michele at GPS, C\u00f9 was part of \u00d2rlaith&#8217;s pack, the group of dogs she knew and went out with. So she seemed content but not overly worked up that he moved in. I think she just expects this sort of thing. Gleann was a bit put off having another boy in the house and is somewhat defensive, especially as C\u00f9 towers over him. However, as time passed they learned to deal with each other in the space and are now good brothers; they get along great, with occasional pushing and shoving. Especially for attention.<\/p>\n<p>He&#8217;s a big, happy goofy boy, but it might be hard for you all to tell as he apparently is terrified of cameras. Seriously. He was all happy ears and tail, then I got out the camera to capture this and ears and tail, and head, go down. You all will think he&#8217;s miserable. Well, until I snuck a photo from across the room and cropped it down&#8230;getting full demon eyes and all.<img loading=\"lazy\" decoding=\"async\" class=\"size-full wp-image-514 alignright\" src=\"https:\/\/dunsgathan.net\/sgathan\/wp-content\/uploads\/2019\/12\/Img_3048crs.jpg\" alt=\"Cu with &quot;demon eyes&quot;\" width=\"300\" height=\"190\" srcset=\"https:\/\/dunsgathan.net\/sgathan\/wp-content\/uploads\/2019\/12\/Img_3048crs.jpg 300w, https:\/\/dunsgathan.net\/sgathan\/wp-content\/uploads\/2019\/12\/Img_3048crs-192x122.jpg 192w, https:\/\/dunsgathan.net\/sgathan\/wp-content\/uploads\/2019\/12\/Img_3048crs-250x158.jpg 250w, https:\/\/dunsgathan.net\/sgathan\/wp-content\/uploads\/2019\/12\/Img_3048crs-284x180.jpg 284w\" sizes=\"auto, (max-width: 300px) 100vw, 300px\" \/><\/p>\n<p>As noted above, he&#8217;s very insistent that he&#8217;s starving. He apparently arrived at the kennel like that the first time, even ate a blanket which required surgery (he seems to have learned from that one, however). In his first home he was a relentless beggar and pest, supposedly, eventually started stealing food from the children. He couldn&#8217;t be crated because &#8220;that was cruel&#8221; (he actually likes his crate, will go into it and lie down several times a day). He tried begging with us the first couple of days, but a simple &#8220;no&#8221; and not giving in stopped it quickly. Like all our dogs, he now can lie with his head in one of our laps while we eat (yes, we&#8217;re barbarians, we almost never eat at the table) and our only danger is that if he&#8217;s upside down he might try to\u00a0<img loading=\"lazy\" decoding=\"async\" class=\"size-full wp-image-515 alignleft\" src=\"https:\/\/dunsgathan.net\/sgathan\/wp-content\/uploads\/2019\/12\/Img_3058crs.jpg\" alt=\"Cu chomping on stuffy\" width=\"300\" height=\"235\" srcset=\"https:\/\/dunsgathan.net\/sgathan\/wp-content\/uploads\/2019\/12\/Img_3058crs.jpg 300w, https:\/\/dunsgathan.net\/sgathan\/wp-content\/uploads\/2019\/12\/Img_3058crs-192x150.jpg 192w, https:\/\/dunsgathan.net\/sgathan\/wp-content\/uploads\/2019\/12\/Img_3058crs-250x196.jpg 250w, https:\/\/dunsgathan.net\/sgathan\/wp-content\/uploads\/2019\/12\/Img_3058crs-230x180.jpg 230w\" sizes=\"auto, (max-width: 300px) 100vw, 300px\" \/>&#8220;pat&#8221; us and knocked the food out of our hands. He does, however, still scrounge and counter surf, but that&#8217;s a matter of not having anything for him to grab.<\/p>\n<p>C\u00f9 has buffed up since arriving, he was rather soft and flabby when we got him, and we need more photos to show this. He started showing changes even before he was getting a lot of exercise right after we switched everyone to a no grain food and we think he might have a grain issue that affected his conditioning and made him retain water to look flabbier. Of course, now he goes running with us nearly every morning, along with \u00d2rlaith and Gleann. Still, I always said that hounds put on muscle by sleeping on couches, wish it worked for me. LOL<\/p>\n<p>He&#8217;s playful, and especially motivated by bunny toys.<\/p>\n<p><img loading=\"lazy\" decoding=\"async\" class=\"size-medium wp-image-516 aligncenter\" src=\"https:\/\/dunsgathan.net\/sgathan\/wp-content\/uploads\/2019\/12\/Img_3556cr-300x189.jpg\" alt=\"Cu with laptop\" width=\"300\" height=\"189\" srcset=\"https:\/\/dunsgathan.net\/sgathan\/wp-content\/uploads\/2019\/12\/Img_3556cr-300x189.jpg 300w, https:\/\/dunsgathan.net\/sgathan\/wp-content\/uploads\/2019\/12\/Img_3556cr-192x121.jpg 192w, https:\/\/dunsgathan.net\/sgathan\/wp-content\/uploads\/2019\/12\/Img_3556cr-250x157.jpg 250w, https:\/\/dunsgathan.net\/sgathan\/wp-content\/uploads\/2019\/12\/Img_3556cr-550x346.jpg 550w, https:\/\/dunsgathan.net\/sgathan\/wp-content\/uploads\/2019\/12\/Img_3556cr-286x180.jpg 286w, https:\/\/dunsgathan.net\/sgathan\/wp-content\/uploads\/2019\/12\/Img_3556cr-477x300.jpg 477w, https:\/\/dunsgathan.net\/sgathan\/wp-content\/uploads\/2019\/12\/Img_3556cr.jpg 700w\" sizes=\"auto, (max-width: 300px) 100vw, 300px\" \/><\/p>\n<p>July 2013<\/p>\n<p>We&#8217;re so bad about updating these pages now, we talk so much about our pups on Facebook instead.\u00a0 And life is kind of quiet these days with the dogs. As they aged we stopped talking C\u00f9 and \u00d2rlaith on our runs as they showed some signs of lameness and instead took them on slower walks.\u00a0\u00a0 Even shorter ones in the winter, where we let them decide when to return.\u00a0 Being Greyhounds, w<img loading=\"lazy\" decoding=\"async\" class=\"size-medium wp-image-517 alignleft\" src=\"https:\/\/dunsgathan.net\/sgathan\/wp-content\/uploads\/2019\/12\/Img_3069cr-300x192.jpg\" alt=\"Cu snugging Gleann on couch\" width=\"300\" height=\"192\" srcset=\"https:\/\/dunsgathan.net\/sgathan\/wp-content\/uploads\/2019\/12\/Img_3069cr-300x192.jpg 300w, https:\/\/dunsgathan.net\/sgathan\/wp-content\/uploads\/2019\/12\/Img_3069cr-192x123.jpg 192w, https:\/\/dunsgathan.net\/sgathan\/wp-content\/uploads\/2019\/12\/Img_3069cr-250x160.jpg 250w, https:\/\/dunsgathan.net\/sgathan\/wp-content\/uploads\/2019\/12\/Img_3069cr-281x180.jpg 281w, https:\/\/dunsgathan.net\/sgathan\/wp-content\/uploads\/2019\/12\/Img_3069cr-469x300.jpg 469w, https:\/\/dunsgathan.net\/sgathan\/wp-content\/uploads\/2019\/12\/Img_3069cr.jpg 500w\" sizes=\"auto, (max-width: 300px) 100vw, 300px\" \/>inter is more a time for extra snuggling. And he was always a very snuggly hound, a 70 lb lap dog, often lying with his legs in the air and his head on who ever was available.\u00a0 He had developed some arthritis in his left foreleg awhile ago. This spring he started showing some weakness in his hind legs.<\/p>\n<p>Then in of May, shortly after our Bealtuinne celebration, he started to fall as his hind legs gave out. The beginning of June he couldn&#8217;t walk.\u00a0 It appeared to be caused by arthritis in his back. Bouyed by various hopeful tales of mobility assisted dogs, we decided to try to help him walk as well as he could again.\u00a0 He was eating and snuggling, the only struggle was that he was a big dog needing help to move. But as long as he was happy we&#8217;d do what we could.\u00a0 His hind legs actually showed strength and movement, just not enough strength.\u00a0 To some extent his lack of using them seemed to be fear and distrust that they could support him. His left foreleg, however, soon was unusable. Therefore we were going<img loading=\"lazy\" decoding=\"async\" class=\"size-medium wp-image-518 alignright\" src=\"https:\/\/dunsgathan.net\/sgathan\/wp-content\/uploads\/2019\/12\/Img_4005cr-300x200.jpg\" alt=\"Cu snuggling Sachairi on couch\" width=\"300\" height=\"200\" srcset=\"https:\/\/dunsgathan.net\/sgathan\/wp-content\/uploads\/2019\/12\/Img_4005cr-300x200.jpg 300w, https:\/\/dunsgathan.net\/sgathan\/wp-content\/uploads\/2019\/12\/Img_4005cr-192x128.jpg 192w, https:\/\/dunsgathan.net\/sgathan\/wp-content\/uploads\/2019\/12\/Img_4005cr-250x167.jpg 250w, https:\/\/dunsgathan.net\/sgathan\/wp-content\/uploads\/2019\/12\/Img_4005cr-550x367.jpg 550w, https:\/\/dunsgathan.net\/sgathan\/wp-content\/uploads\/2019\/12\/Img_4005cr-270x180.jpg 270w, https:\/\/dunsgathan.net\/sgathan\/wp-content\/uploads\/2019\/12\/Img_4005cr-450x300.jpg 450w, https:\/\/dunsgathan.net\/sgathan\/wp-content\/uploads\/2019\/12\/Img_4005cr.jpg 600w\" sizes=\"auto, (max-width: 300px) 100vw, 300px\" \/>\u00a0to get him two walking harnesses, one to support his hind end and one to give even more to his front end. Meanwhile we spoiled him rotten with various food items and kept him medicated in case of pain (Greyhound people know, pain is always a question with them, for they tend to hide it stoically, he showed no real pain but &#8230;).\u00a0<img loading=\"lazy\" decoding=\"async\" class=\"size-medium wp-image-376 aligncenter\" src=\"https:\/\/dunsgathan.net\/sgathan\/wp-content\/uploads\/2019\/12\/Img_4084cr-300x132.jpg\" alt=\"Cu and Orlaith\" width=\"300\" height=\"132\" srcset=\"https:\/\/dunsgathan.net\/sgathan\/wp-content\/uploads\/2019\/12\/Img_4084cr-300x132.jpg 300w, https:\/\/dunsgathan.net\/sgathan\/wp-content\/uploads\/2019\/12\/Img_4084cr-192x84.jpg 192w, https:\/\/dunsgathan.net\/sgathan\/wp-content\/uploads\/2019\/12\/Img_4084cr-250x110.jpg 250w, https:\/\/dunsgathan.net\/sgathan\/wp-content\/uploads\/2019\/12\/Img_4084cr-550x241.jpg 550w, https:\/\/dunsgathan.net\/sgathan\/wp-content\/uploads\/2019\/12\/Img_4084cr-410x180.jpg 410w, https:\/\/dunsgathan.net\/sgathan\/wp-content\/uploads\/2019\/12\/Img_4084cr-684x300.jpg 684w, https:\/\/dunsgathan.net\/sgathan\/wp-content\/uploads\/2019\/12\/Img_4084cr.jpg 700w\" sizes=\"auto, (max-width: 300px) 100vw, 300px\" \/><\/p>\n<p>In late July he got an opportunistic infection which we had hoped would be a temporary set back.\u00a0 However, he didn&#8217;t respond to treating it, became uninterested in food and we realized it was, indeed, a sign his body was no up to the fight anymore.\u00a0 At this point it was clear he was no longer happy&#8230;.eating is a big sign in any Greyhound and he was a big eater\u00a0for\u00a0a Greyhound.\u00a0 On July 27, 2013 we said our good-byes.<\/p>\n<p>Through the years, C\u00f9 showed himself to be goofy and elegant all at once.\u00a0 A big time snuggler who seemed a bit confused by his large body, making us think he might have been house raised as a puppy and associated snuggling in a puppy-size body.\u00a0 He&#8217;s greatly missed. I have written more about losing him\u00a0<a href=\"http:\/\/dunsgathan.blogspot.com\/2013\/08\/about-dog.html\">on our blog<\/a>.<\/p>\n<p><img loading=\"lazy\" decoding=\"async\" class=\"size-medium wp-image-519 aligncenter\" src=\"https:\/\/dunsgathan.net\/sgathan\/wp-content\/uploads\/2019\/12\/Img_4330cr-300x244.jpg\" alt=\"Cu contorting\" width=\"300\" height=\"244\" srcset=\"https:\/\/dunsgathan.net\/sgathan\/wp-content\/uploads\/2019\/12\/Img_4330cr-300x244.jpg 300w, https:\/\/dunsgathan.net\/sgathan\/wp-content\/uploads\/2019\/12\/Img_4330cr-192x156.jpg 192w, https:\/\/dunsgathan.net\/sgathan\/wp-content\/uploads\/2019\/12\/Img_4330cr-250x204.jpg 250w, https:\/\/dunsgathan.net\/sgathan\/wp-content\/uploads\/2019\/12\/Img_4330cr-550x448.jpg 550w, https:\/\/dunsgathan.net\/sgathan\/wp-content\/uploads\/2019\/12\/Img_4330cr-221x180.jpg 221w, https:\/\/dunsgathan.net\/sgathan\/wp-content\/uploads\/2019\/12\/Img_4330cr-368x300.jpg 368w, https:\/\/dunsgathan.net\/sgathan\/wp-content\/uploads\/2019\/12\/Img_4330cr-614x500.jpg 614w, https:\/\/dunsgathan.net\/sgathan\/wp-content\/uploads\/2019\/12\/Img_4330cr.jpg 700w\" sizes=\"auto, (max-width: 300px) 100vw, 300px\" \/><\/p>\n<p align=\"left\"><small>Contents and design, except where noted otherwise below, copyright \u00a9 1998-2010 Saigh Kym Lambert and Aaron Miller<\/small><\/p>\n<\/td>\n<\/tr>\n<\/tbody>\n<\/table>\n<\/td>\n<\/tr>\n<\/tbody>\n<\/table>\n<\/div>\n<\/div>\n<\/div>\n<\/div>\n","protected":false},"excerpt":{"rendered":"<p>Dogzilla or a dog named Dog August 24, 2002-July 27, 2013 When hope is gone it&#8217;s forever mourned \u00a0Updated July 2013 With the loss of\u00a0Scolaighe\u00a0and mourning dogs, we decided it was time to add another to our pack, especially as\u00a0\u00d2rlaith\u00a0would &hellip; <a href=\"https:\/\/dunsgathan.net\/sgathan\/the-house-our-hounds-and-cats\/cu-mor\/\">Continue reading <span class=\"meta-nav\">&rarr;<\/span><\/a><\/p>\n","protected":false},"author":1,"featured_media":0,"parent":88,"menu_order":0,"comment_status":"closed","ping_status":"closed","template":"template\/page\/fullwidth.php","meta":{"bgseo_title":"","bgseo_description":"","bgseo_robots_index":"index","bgseo_robots_follow":"follow","footnotes":""},"class_list":["post-159","page","type-page","status-publish","hentry"],"jetpack_sharing_enabled":true,"_links":{"self":[{"href":"https:\/\/dunsgathan.net\/sgathan\/wp-json\/wp\/v2\/pages\/159","targetHints":{"allow":["GET"]}}],"collection":[{"href":"https:\/\/dunsgathan.net\/sgathan\/wp-json\/wp\/v2\/pages"}],"about":[{"href":"https:\/\/dunsgathan.net\/sgathan\/wp-json\/wp\/v2\/types\/page"}],"author":[{"embeddable":true,"href":"https:\/\/dunsgathan.net\/sgathan\/wp-json\/wp\/v2\/users\/1"}],"replies":[{"embeddable":true,"href":"https:\/\/dunsgathan.net\/sgathan\/wp-json\/wp\/v2\/comments?post=159"}],"version-history":[{"count":7,"href":"https:\/\/dunsgathan.net\/sgathan\/wp-json\/wp\/v2\/pages\/159\/revisions"}],"predecessor-version":[{"id":696,"href":"https:\/\/dunsgathan.net\/sgathan\/wp-json\/wp\/v2\/pages\/159\/revisions\/696"}],"up":[{"embeddable":true,"href":"https:\/\/dunsgathan.net\/sgathan\/wp-json\/wp\/v2\/pages\/88"}],"wp:attachment":[{"href":"https:\/\/dunsgathan.net\/sgathan\/wp-json\/wp\/v2\/media?parent=159"}],"curies":[{"name":"wp","href":"https:\/\/api.w.org\/{rel}","templated":true}]}}